{"id":136,"date":"2021-11-23T23:29:14","date_gmt":"2021-11-23T23:29:14","guid":{"rendered":"https:\/\/szitakoto.csucshegymenedek.hu\/?page_id=136"},"modified":"2021-11-23T23:37:58","modified_gmt":"2021-11-23T23:37:58","slug":"arhivum","status":"publish","type":"page","link":"https:\/\/csucshegymenedek.hu\/index.php\/arhivum\/","title":{"rendered":"Id\u0151sz\u00e1m\u00edt\u00e1sunk el\u0151tt"},"content":{"rendered":"\n<p>R\u00e9gi dokumentumok<\/p>\n","protected":false},"excerpt":{"rendered":"<p>R\u00e9gi dokumentumok<\/p>\n","protected":false},"author":1,"featured_media":0,"parent":0,"menu_order":0,"comment_status":"closed","ping_status":"closed","template":"","meta":[],"_links":{"self":[{"href":"https:\/\/csucshegymenedek.hu\/index.php\/wp-json\/wp\/v2\/pages\/136"}],"collection":[{"href":"https:\/\/csucshegymenedek.hu\/index.php\/wp-json\/wp\/v2\/pages"}],"about":[{"href":"https:\/\/csucshegymenedek.hu\/index.php\/wp-json\/wp\/v2\/types\/page"}],"author":[{"embeddable":true,"href":"https:\/\/csucshegymenedek.hu\/index.php\/wp-json\/wp\/v2\/users\/1"}],"replies":[{"embeddable":true,"href":"https:\/\/csucshegymenedek.hu\/index.php\/wp-json\/wp\/v2\/comments?post=136"}],"version-history":[{"count":2,"href":"https:\/\/csucshegymenedek.hu\/index.php\/wp-json\/wp\/v2\/pages\/136\/revisions"}],"predecessor-version":[{"id":148,"href":"https:\/\/csucshegymenedek.hu\/index.php\/wp-json\/wp\/v2\/pages\/136\/revisions\/148"}],"wp:attachment":[{"href":"https:\/\/csucshegymenedek.hu\/index.php\/wp-json\/wp\/v2\/media?parent=136"}],"curies":[{"name":"wp","href":"https:\/\/api.w.org\/{rel}","templated":true}]}}